1
Calculate the remainder when 39 is divided by -14*-2*(-1)/(-2).
11
Let k(u) = 2*u**3 + u - 4. Calculate the remainder when -7*-9*12/14 is divided by k(2).
12
Suppose -5*z + 31 = u, 21 = u - 0*u + 3*z. Let y = 34 - 17. Calculate the remainder when y is divided by u.
5
Let s = 7 - 6. What is the remainder when (-1 - s)*(-153)/9 is divided by 18?
16
Let q = 58 - 54. What is the remainder when 8 is divided by q?
0
Suppose -29 = -j - 20. Calculate the remainder when 34 is divided by j.
7
What is the remainder when 1 - (-4 - (3 + -1)) is divided by 5?
2
What is the remainder when (3 + 0)/((-24)/(-64)) is divided by 1/((6/(-9))/(-2))?
2
Suppose 0 = -3*l + 4*l - 1. Suppose 0 = k - l - 1. Suppose 3*c + 2*r = 26, -k*c = -2*r + 3*r - 17. Calculate the remainder when c is divided by 5.
3
Let w = -9 + -12. Let p = -10 - w. What is the remainder when 31 is divided by p?
9
What is the remainder when 35 is divided by 69/6 - (-2 + (-9)/(-6))?
11
Let s be (-6)/21 - 1336/28. Let v = 106 + s. What is the remainder when v is divided by 12?
10
Calculate the remainder when 4*(-1 - -5) - -1 is divided by 7.
3
Let d(h) = 12*h - 1. Suppose 11*w - 2 = 12*w. Let n(t) = 17*t**2 - t - 2. What is the remainder when n(w) is divided by d(2)?
22
Let j(s) = s**2 - 6*s + 4. Let p be j(6). Suppose -45 = -b - p*b. Suppose v - b = 6. What is the remainder when 29 is divided by v?
14
Let z(h) = -h + 10. Let g be z(5). Calculate the remainder when 38 is divided by g + 17 - (3 - 1).
18
Suppose 5*r = -r + 72. Calculate the remainder when 32 is divided by r.
8
Let m = 12 - -5. Suppose 0 = 5*x + g - 24, 5*g + 16 - 6 = x. Calculate the remainder when m is divided by x.
2
Let a = -68 + 40. Let v = -21 - a. Calculate the remainder when v is divided by 3.
1
Suppose 6*t = t + 15. Suppose 0 = -a + t*a - 40. What is the remainder when a is divided by 7?
6
Let k = -34 - -52. Calculate the remainder when k - (-3 - (-2 + 2)) is divided by 11.
10
Let y(k) = k**3 - 6*k**2 + 6*k - 3. Let x be y(5). Suppose x*p = 6 + 28. Calculate the remainder when p is divided by 10.
7
Let r = 6 - 10. Let h be (-1 + -1)*-1 + r. What is the remainder when (81/(-6))/(h/4) is divided by 14?
13
Let x(i) = i**3 - 5*i**2 + 7*i - 8. Calculate the remainder when 107 is divided by x(5).
26
Let z be (-4)/(2/(-2))*-1. Calculate the remainder when 3/(-12)*-2*40 is divided by (1 + 0)/(z/(-44)).
9
Let d(l) be the first derivative of -3*l**2/2 + 8*l - 1. Calculate the remainder when d(-7) is divided by 8.
5
Let d = 2 + 16. Let u = -86 - -121. Calculate the remainder when u is divided by d.
17
Let r(o) = -12*o - 5. Let g = -8 - -4. What is the remainder when r(g) is divided by 22?
21
Let l(w) = -w + 0*w + w - w + 22. What is the remainder when l(0) is divided by 8?
6
Let n be (0/8)/(4/(-2)). Suppose n*p = p - 2. What is the remainder when 5 is divided by p?
1
Let v = 5 + -1. Suppose v*m + 5*y - 61 = 0, 2*m = -2*m + 5*y + 51. Suppose -2*b = -10 - 0. Calculate the remainder when m is divided by b.
4
Suppose -3*g + 4 = -11. Let i(n) be the first derivative of n**4/4 - 5*n**3/3 + 3*n**2/2 - 4*n - 2. Calculate the remainder when 31 is divided by i(g).
9
Let b(n) = -n + 11. Let i be b(5). What is the remainder when 86/(-3)*3/(-2) is divided by 4/8 + 87/i?
13
Let m = -6 + 3. Let o(l) = -l**3 - 4*l**2 - 5*l - 2. Suppose -3*j + 6 = -0*j. What is the remainder when o(m) is divided by j?
0
Suppose -2*u = -0*u - 76. Calculate the remainder when u is divided by 10.
8
Let v(t) = -65*t**3 - 2*t - 1. Let h be v(-1). Suppose 4 = b, h = 5*j + 2*b + 2*b. What is the remainder when j is divided by 4?
2
Suppose 0 = -4*h + 160 - 16. Calculate the remainder when 178 is divided by h.
34
Suppose 0 = -b + 2*b - 5. Suppose 4*j - 57 = 3*v - 2*v, 45 = 4*j - b*v. What is the remainder when 58 is divided by j?
13
Suppose 4*g - 4*t - 120 = 0, -g + 135 = 4*g - 2*t. Let v = g - 12. Let f = v - 2. What is the remainder when 21 is divided by f?
10
Let j = 5 + -8. Let w be j/(-1) + 7 + -10. Suppose w*v + 5*v - 60 = 0. Calculate the remainder when v is divided by 5.
2
Let s = 135 - 60. Calculate the remainder when s is divided by 13.
10
Let t be (-7)/(-5) + (-8)/20. Let a be 10/(-2)*t/(-1). Suppose 2*q = a*q - 27. What is the remainder when q is divided by 5?
4
Let z(d) = d**2 - 14*d + 18. Let j(f) = -f**3 + 6*f**2 - 2*f - 2. Let x be j(5). Calculate the remainder when 7 is divided by z(x).
2
Let p(a) = -12*a + 8. Let f be p(-7). Calculate the remainder when ((-3)/(-6))/(1/f) is divided by 32/3*(-6)/(-4).
14
Let r(j) = 47*j + 15. What is the remainder when r(6) is divided by 50?
47
Suppose 5*z - 6*d - 59 = -4*d, -22 = -z - 3*d. What is the remainder when z is divided by 5?
3
Let x be (-80)/24*(-6)/(-5). Calculate the remainder when 57 is divided by (-3)/(-12) + (-79)/x.
17
Let n(x) = 6*x + 8. Let u be n(4). Suppose -5*q + u = -3. What is the remainder when 18 is divided by q?
4
Suppose 0*c - 2*c + 5*i + 72 = 0, -3*i + 149 = 5*c. Let k = 14 - 3. What is the remainder when c is divided by k?
9
Suppose -22 = 3*z - 5*z - 4*k, -3*z = k - 18. Suppose z*g - 114 = 56. Suppose -20 = -2*c - 2. What is the remainder when g is divided by c?
7
Let s = 67 - 46. Calculate the remainder when (41 - 1) + -1 + 2 is divided by s.
20
Let h(c) = -c**2 - 2*c + 4. Let l(z) = -z - 1. Let p(m) = -h(m) + 4*l(m). Calculate the remainder when 31 is divided by p(6).
15
Suppose 0 = 3*m - 30 - 9. Let r(d) = -d**2 + 14*d + 3. What is the remainder when r(6) is divided by m?
12
Let u = 33 + -27. What is the remainder when 29 is divided by u?
5
Let h(o) = o**2 - 3*o - 1. Let z be h(5). Let m = 7 - -11. What is the remainder when ((-111)/z - -1)*-3 is divided by m?
16
Calculate the remainder when 6*18 + -2 + -3 + 1 is divided by 27.
23
Suppose 12 = -3*d, 4*u + 2*d - 12 = 5*d. Suppose 5*x + 0*x - 60 = u. What is the remainder when 22 is divided by x?
10
Let p(z) = z**3 - 8*z**2 + 18*z + 6. What is the remainder when 76 is divided by p(5)?
13
Let b(j) = -j**2 - 11*j - 19. Calculate the remainder when b(-8) is divided by 2.
1
Suppose -3 = 5*k + 17, 3*k = -5*f + 368. Calculate the remainder when f is divided by 20.
16
Calculate the remainder when 50 is divided by -1*-1*(-2 - -19).
16
Let s = 55 + -24. Calculate the remainder when s is divided by 11.
9
Let z = -145 + 249. Calculate the remainder when z is divided by 21.
20
Suppose -6*o = -3*o - 21. Suppose -10*c + 18 = -o*c. Calculate the remainder when 21 is divided by c.
3
Let w = -14 + 26. Let d(x) = 11*x - 10. Calculate the remainder when d(5) is divided by w.
9
Suppose -20 = -d - 5*x, 6 = 3*x - 3. Calculate the remainder when 29 is divided by d.
4
Suppose 0*u = u - 62. Let r = -42 + u. Calculate the remainder when 20*-8*(-6)/r is divided by 25.
23
Calculate the remainder when 30 is divided by 24/2 - (3 + 0/(-3)).
3
Suppose -5*t = -4*y - 85 - 69, 0 = -5*t - 3*y + 182. Calculate the remainder when 66 is divided by t.
32
Let x(g) = -3*g**2. Let d be x(1). Suppose -13 = -2*o + 3. What is the remainder when (1 - -2) + 29 + d is divided by o?
5
Let b(m) = m**2 + 10*m - 5. Let d be (-56)/7 - 1*3. Calculate the remainder when 27 is divided by b(d).
3
Let q = 20 - 28. What is the remainder when 15 is divided by 1 + 0/(-1) - q?
6
Suppose 3*l + 0*l = 66. Calculate the remainder when 85 is divided by l.
19
Let z be -1 + (-2*1 - -10). Suppose -2*u + z*u = 4*g - 58, -4*g + 4*u + 56 = 0. What is the remainder when (-68)/(-3) + 2/(-3) is divided by g?
10
Suppose 3*f - 1 = 2. Let s = 1 + f. Suppose 15 = -5*i, -7*y = -s*y - 4*i - 102. What is the remainder when 53 is divided by y?
17
Let g be ((-4)/6)/(4/(-12)). Suppose v - 8 = -5*j + 10, -30 = -5*j + 5*v. Calculate the remainder when j is divided by (-3)/3 + (5 - g).
0
Let c = 8 - 4. Suppose -c*a = 20, 6 - 42 = -3*s + 3*a. Calculate the remainder when 25 is divided by s.
4
Let h = 5 - -4. What is the remainder when (-18)/(-24)*(20 + 0) is divided by h?
6
Suppose 5*x = 5*z + 460, 0 = -5*x - 4*z + 141 + 292. Calculate the remainder when x is divided by 15.
14
Let h be (1*-68)/(2/(-6)). Let q = -1 - -5. Suppose 56 - h = -q*j - 4*c, 5*j - c - 191 = 0. What is the remainder when j is divided by 13?
12
Let x = -5 - -17. Calculate the remainder when x/(-10)*(-90)/4 is divided by 14.
13
Suppose 2*j - 7*j + 45 = 0. Suppose